{"id":939,"date":"2024-04-05T16:23:40","date_gmt":"2024-04-05T14:23:40","guid":{"rendered":"https:\/\/my-eden-villages.portobello-extranet.com\/domaine-de-brehadour-markten\/"},"modified":"2024-04-10T14:57:47","modified_gmt":"2024-04-10T12:57:47","slug":"domaine-de-brehadour-markten","status":"publish","type":"page","link":"https:\/\/my.eden-villages.fr\/nl\/domaine-de-brehadour-markten\/","title":{"rendered":"Domaine de Br\u00e9hadour \u2013 Markten"},"content":{"rendered":"\n<h2 class=\"wp-block-heading\">Maandag<\/h2>\n\n\n\n<p>Piriac-sur-mer<\/p>\n\n\n\n<h2 class=\"wp-block-heading\">Dinsdag<\/h2>\n\n\n\n<p>Piriac-sur-mer (basse saison), La Baule<\/p>\n\n\n\n<h2 class=\"wp-block-heading\">Woensdag<\/h2>\n\n\n\n<p>Gu\u00e9rande, Priac-sur-mer, La Turballe<\/p>\n\n\n\n<h2 class=\"wp-block-heading\">Donderdag<\/h2>\n\n\n\n<p>La Baule (juillet &amp; ao\u00fbt), Saint-Molf<\/p>\n\n\n\n<h2 class=\"wp-block-heading\">Vrijdag<\/h2>\n\n\n\n<p>La Chapelle-des-Marais<\/p>\n\n\n\n<h2 class=\"wp-block-heading\">Zaterdag<\/h2>\n\n\n\n<p>Gu\u00e9rande, Piriac-sur-Mer, La Turballe, La Baule<\/p>\n\n\n\n<h2 class=\"wp-block-heading\">Zondag<\/h2>\n\n\n\n<p>Saint-Molf<\/p>\n\n\n\n<div style=\"height:10px\" aria-hidden=\"true\" class=\"wp-block-spacer\"><\/div>\n\n\n\n<div class=\"wp-block-buttons is-layout-flex wp-block-buttons-is-layout-flex\">\n<div class=\"wp-block-button is-style-primary\"><a class=\"wp-block-button__link wp-element-button\" href=\"https:\/\/www.labaule-guerande.com\/les-marches.html\" target=\"_blank\" rel=\"noreferrer noopener\">Meer markten op<\/a><\/div>\n<\/div>\n","protected":false},"excerpt":{"rendered":"<p>Maandag Piriac-sur-mer Dinsdag Piriac-sur-mer (basse saison), La Baule Woensdag Gu\u00e9rande, Priac-sur-mer, La Turballe Donderdag La Baule (juillet &amp; ao\u00fbt), Saint-Molf Vrijdag La Chapelle-des-Marais Zaterdag Gu\u00e9rande, Piriac-sur-Mer, La Turballe, La Baule Zondag Saint-Molf<\/p>\n","protected":false},"author":3,"featured_media":0,"parent":0,"menu_order":0,"comment_status":"closed","ping_status":"closed","template":"templates\/parent.php","meta":{"_acf_changed":false,"footnotes":""},"class_list":["post-939","page","type-page","status-publish","hentry"],"acf":[],"ams_acf":[{"key":"linked_camping","label":"Camping li\u00e9","value":899}],"_links":{"self":[{"href":"https:\/\/my.eden-villages.fr\/nl\/wp-json\/wp\/v2\/pages\/939","targetHints":{"allow":["GET"]}}],"collection":[{"href":"https:\/\/my.eden-villages.fr\/nl\/wp-json\/wp\/v2\/pages"}],"about":[{"href":"https:\/\/my.eden-villages.fr\/nl\/wp-json\/wp\/v2\/types\/page"}],"author":[{"embeddable":true,"href":"https:\/\/my.eden-villages.fr\/nl\/wp-json\/wp\/v2\/users\/3"}],"replies":[{"embeddable":true,"href":"https:\/\/my.eden-villages.fr\/nl\/wp-json\/wp\/v2\/comments?post=939"}],"version-history":[{"count":2,"href":"https:\/\/my.eden-villages.fr\/nl\/wp-json\/wp\/v2\/pages\/939\/revisions"}],"predecessor-version":[{"id":1002,"href":"https:\/\/my.eden-villages.fr\/nl\/wp-json\/wp\/v2\/pages\/939\/revisions\/1002"}],"wp:attachment":[{"href":"https:\/\/my.eden-villages.fr\/nl\/wp-json\/wp\/v2\/media?parent=939"}],"curies":[{"name":"wp","href":"https:\/\/api.w.org\/{rel}","templated":true}]}}

Domaine de Bréhadour – Markten

<h2 class="wp-block-heading">Maandag</h2>



<p>Piriac-sur-mer</p>



<h2 class="wp-block-heading">Dinsdag</h2>



<p>Piriac-sur-mer (basse saison), La Baule</p>



<h2 class="wp-block-heading">Woensdag</h2>



<p>Guérande, Priac-sur-mer, La Turballe</p>



<h2 class="wp-block-heading">Donderdag</h2>



<p>La Baule (juillet &amp; août), Saint-Molf</p>



<h2 class="wp-block-heading">Vrijdag</h2>



<p>La Chapelle-des-Marais</p>



<h2 class="wp-block-heading">Zaterdag</h2>



<p>Guérande, Piriac-sur-Mer, La Turballe, La Baule</p>



<h2 class="wp-block-heading">Zondag</h2>



<p>Saint-Molf</p>



<div style="height:10px" aria-hidden="true" class="wp-block-spacer"></div>



<div class="wp-block-buttons is-layout-flex wp-block-buttons-is-layout-flex">
<div class="wp-block-button is-style-primary"><a class="wp-block-button__link wp-element-button" href="https://www.labaule-guerande.com/les-marches.html" target="_blank" rel="noreferrer noopener">Meer markten op</a></div>
</div>

<p>Maandag Piriac-sur-mer Dinsdag Piriac-sur-mer (basse saison), La Baule Woensdag Guérande, Priac-sur-mer, La Turballe Donderdag La Baule (juillet &amp; août), Saint-Molf Vrijdag La Chapelle-des-Marais Zaterdag Guérande, Piriac-sur-Mer, La Turballe, La Baule Zondag Saint-Molf</p>

Camping lié
