{"id":12018,"date":"2025-01-21T15:53:37","date_gmt":"2025-01-21T14:53:37","guid":{"rendered":"https:\/\/my.eden-villages.fr\/?page_id=12018"},"modified":"2025-03-11T09:21:48","modified_gmt":"2025-03-11T08:21:48","slug":"caravanile-de-markten","status":"publish","type":"page","link":"https:\/\/my.eden-villages.fr\/nl\/caravanile-de-markten\/","title":{"rendered":"Caravan&#8217;\u00eele &#8211; De markten"},"content":{"rendered":"\n<p><strong>Maandag<\/strong><br>Markt van l&#8217;Herbaudi\u00e8re (van 7 april tot 22 september), Markt van Barb\u00e2tre (van 16 juni tot 22 september)<\/p>\n\n\n\n<p><strong>Dinsdag<\/strong><br>Markt van Noirmoutier-en-l&#8217;\u00eele (van 6 april tot 29 september)<\/p>\n\n\n\n<p><strong>Woensdag<\/strong><br>Markt van Barb\u00e2tre<\/p>\n\n\n\n<p><strong>Donderdag<\/strong><br>Markt van La Gu\u00e9rini\u00e8re<\/p>\n\n\n\n<p><strong>Vrijdag<\/strong><br>Markt van Noirmoutier-en-l&#8217;\u00eele<\/p>\n\n\n\n<p><strong>Zaterdag<\/strong><br>Markt van l\u2019\u00c9pine, Markt van Vieil (van 5 juli tot 30 augustus)<\/p>\n\n\n\n<p><strong>Zondag<\/strong><br>Markt van Noirmoutier-en-l&#8217;\u00eele (van 6 april tot 29 september), Markt van La Gu\u00e9rini\u00e8re (van 16 maart tot 19 oktober)<\/p>\n","protected":false},"excerpt":{"rendered":"<p>MaandagMarkt van l&#8217;Herbaudi\u00e8re (van 7 april tot 22 september), Markt van Barb\u00e2tre (van 16 juni tot 22 september) DinsdagMarkt van Noirmoutier-en-l&#8217;\u00eele (van 6 april tot 29 september) WoensdagMarkt van Barb\u00e2tre DonderdagMarkt van La Gu\u00e9rini\u00e8re VrijdagMarkt van Noirmoutier-en-l&#8217;\u00eele ZaterdagMarkt van l\u2019\u00c9pine, Markt van Vieil (van 5 juli tot 30 augustus) ZondagMarkt van Noirmoutier-en-l&#8217;\u00eele (van 6 april [&hellip;]<\/p>\n","protected":false},"author":5,"featured_media":0,"parent":0,"menu_order":0,"comment_status":"closed","ping_status":"closed","template":"templates\/parent.php","meta":{"_acf_changed":false,"footnotes":""},"class_list":["post-12018","page","type-page","status-publish","hentry"],"acf":[],"ams_acf":[{"key":"linked_camping","label":"Camping li\u00e9","value":12541}],"_links":{"self":[{"href":"https:\/\/my.eden-villages.fr\/nl\/wp-json\/wp\/v2\/pages\/12018","targetHints":{"allow":["GET"]}}],"collection":[{"href":"https:\/\/my.eden-villages.fr\/nl\/wp-json\/wp\/v2\/pages"}],"about":[{"href":"https:\/\/my.eden-villages.fr\/nl\/wp-json\/wp\/v2\/types\/page"}],"author":[{"embeddable":true,"href":"https:\/\/my.eden-villages.fr\/nl\/wp-json\/wp\/v2\/users\/5"}],"replies":[{"embeddable":true,"href":"https:\/\/my.eden-villages.fr\/nl\/wp-json\/wp\/v2\/comments?post=12018"}],"version-history":[{"count":2,"href":"https:\/\/my.eden-villages.fr\/nl\/wp-json\/wp\/v2\/pages\/12018\/revisions"}],"predecessor-version":[{"id":12528,"href":"https:\/\/my.eden-villages.fr\/nl\/wp-json\/wp\/v2\/pages\/12018\/revisions\/12528"}],"wp:attachment":[{"href":"https:\/\/my.eden-villages.fr\/nl\/wp-json\/wp\/v2\/media?parent=12018"}],"curies":[{"name":"wp","href":"https:\/\/api.w.org\/{rel}","templated":true}]}}

Caravan&#8217;île &#8211; De markten

<p><strong>Maandag</strong><br>Markt van l&#8217;Herbaudière (van 7 april tot 22 september), Markt van Barbâtre (van 16 juni tot 22 september)</p>



<p><strong>Dinsdag</strong><br>Markt van Noirmoutier-en-l&#8217;île (van 6 april tot 29 september)</p>



<p><strong>Woensdag</strong><br>Markt van Barbâtre</p>



<p><strong>Donderdag</strong><br>Markt van La Guérinière</p>



<p><strong>Vrijdag</strong><br>Markt van Noirmoutier-en-l&#8217;île</p>



<p><strong>Zaterdag</strong><br>Markt van l’Épine, Markt van Vieil (van 5 juli tot 30 augustus)</p>



<p><strong>Zondag</strong><br>Markt van Noirmoutier-en-l&#8217;île (van 6 april tot 29 september), Markt van La Guérinière (van 16 maart tot 19 oktober)</p>

<p>MaandagMarkt van l&#8217;Herbaudière (van 7 april tot 22 september), Markt van Barbâtre (van 16 juni tot 22 september) DinsdagMarkt van Noirmoutier-en-l&#8217;île (van 6 april tot 29 september) WoensdagMarkt van Barbâtre DonderdagMarkt van La Guérinière VrijdagMarkt van Noirmoutier-en-l&#8217;île ZaterdagMarkt van l’Épine, Markt van Vieil (van 5 juli tot 30 augustus) ZondagMarkt van Noirmoutier-en-l&#8217;île (van 6 april [&hellip;]</p>

Camping lié
