{"id":12019,"date":"2025-01-21T15:53:37","date_gmt":"2025-01-21T14:53:37","guid":{"rendered":"https:\/\/my.eden-villages.fr\/?page_id=12019"},"modified":"2025-05-07T11:59:49","modified_gmt":"2025-05-07T09:59:49","slug":"caravanile-the-markets","status":"publish","type":"page","link":"https:\/\/my.eden-villages.fr\/en\/caravanile-the-markets\/","title":{"rendered":"Caravan&#8217;\u00eele &#8211; The markets"},"content":{"rendered":"\n<p><strong>Monday<\/strong><br>Herbaudi\u00e8re Market (from April 7th to September 22nd), Barb\u00e2tre Market (from June 16th to September 22nd)<\/p>\n\n\n\n<p><strong>Tuesday<\/strong><br>Noirmoutier-en-l&#8217;\u00eele Market (from April 6th to September 29th)<\/p>\n\n\n\n<p><strong>Wednesday<\/strong><br>Barb\u00e2tre Market<\/p>\n\n\n\n<p><strong>Thursday<\/strong><br>La Gu\u00e9rini\u00e8re Market<\/p>\n\n\n\n<p><strong>Friday<\/strong><br>Noirmoutier-en-l&#8217;\u00eele Market<\/p>\n\n\n\n<p><strong>Saturday<\/strong><br>L&#8217;\u00c9pine Market, Vieil Market (from July 5th to August 30th)<\/p>\n\n\n\n<p><strong>Sunday<\/strong><br>Noirmoutier-en-l&#8217;\u00eele Market (from April 6th to September 29th), La Gu\u00e9rini\u00e8re Market (from March 16th to October 19th)<\/p>\n","protected":false},"excerpt":{"rendered":"<p>MondayHerbaudi\u00e8re Market (from April 7th to September 22nd), Barb\u00e2tre Market (from June 16th to September 22nd) TuesdayNoirmoutier-en-l&#8217;\u00eele Market (from April 6th to September 29th) WednesdayBarb\u00e2tre Market ThursdayLa Gu\u00e9rini\u00e8re Market FridayNoirmoutier-en-l&#8217;\u00eele Market SaturdayL&#8217;\u00c9pine Market, Vieil Market (from July 5th to August 30th) SundayNoirmoutier-en-l&#8217;\u00eele Market (from April 6th to September 29th), La Gu\u00e9rini\u00e8re Market (from March 16th [&hellip;]<\/p>\n","protected":false},"author":5,"featured_media":0,"parent":0,"menu_order":0,"comment_status":"closed","ping_status":"closed","template":"templates\/parent.php","meta":{"_acf_changed":false,"footnotes":""},"class_list":["post-12019","page","type-page","status-publish","hentry"],"acf":[],"ams_acf":[{"key":"linked_camping","label":"Camping li\u00e9","value":12542}],"_links":{"self":[{"href":"https:\/\/my.eden-villages.fr\/en\/wp-json\/wp\/v2\/pages\/12019","targetHints":{"allow":["GET"]}}],"collection":[{"href":"https:\/\/my.eden-villages.fr\/en\/wp-json\/wp\/v2\/pages"}],"about":[{"href":"https:\/\/my.eden-villages.fr\/en\/wp-json\/wp\/v2\/types\/page"}],"author":[{"embeddable":true,"href":"https:\/\/my.eden-villages.fr\/en\/wp-json\/wp\/v2\/users\/5"}],"replies":[{"embeddable":true,"href":"https:\/\/my.eden-villages.fr\/en\/wp-json\/wp\/v2\/comments?post=12019"}],"version-history":[{"count":3,"href":"https:\/\/my.eden-villages.fr\/en\/wp-json\/wp\/v2\/pages\/12019\/revisions"}],"predecessor-version":[{"id":17115,"href":"https:\/\/my.eden-villages.fr\/en\/wp-json\/wp\/v2\/pages\/12019\/revisions\/17115"}],"wp:attachment":[{"href":"https:\/\/my.eden-villages.fr\/en\/wp-json\/wp\/v2\/media?parent=12019"}],"curies":[{"name":"wp","href":"https:\/\/api.w.org\/{rel}","templated":true}]}}

Caravan&#8217;île &#8211; The markets

<p><strong>Monday</strong><br>Herbaudière Market (from April 7th to September 22nd), Barbâtre Market (from June 16th to September 22nd)</p>



<p><strong>Tuesday</strong><br>Noirmoutier-en-l&#8217;île Market (from April 6th to September 29th)</p>



<p><strong>Wednesday</strong><br>Barbâtre Market</p>



<p><strong>Thursday</strong><br>La Guérinière Market</p>



<p><strong>Friday</strong><br>Noirmoutier-en-l&#8217;île Market</p>



<p><strong>Saturday</strong><br>L&#8217;Épine Market, Vieil Market (from July 5th to August 30th)</p>



<p><strong>Sunday</strong><br>Noirmoutier-en-l&#8217;île Market (from April 6th to September 29th), La Guérinière Market (from March 16th to October 19th)</p>

<p>MondayHerbaudière Market (from April 7th to September 22nd), Barbâtre Market (from June 16th to September 22nd) TuesdayNoirmoutier-en-l&#8217;île Market (from April 6th to September 29th) WednesdayBarbâtre Market ThursdayLa Guérinière Market FridayNoirmoutier-en-l&#8217;île Market SaturdayL&#8217;Épine Market, Vieil Market (from July 5th to August 30th) SundayNoirmoutier-en-l&#8217;île Market (from April 6th to September 29th), La Guérinière Market (from March 16th [&hellip;]</p>

Camping lié
